is 1 (base 8) in base 6?
1
Convert 12 (base 13) to base 15.
10
-5 (base 10) to base 3
-12
Convert -1 (base 15) to base 11.
-1
What is -1 (base 2) in base 9?
-1
What is -13 (base 7) in base 11?
-a
-a2 (base 14) to base 11
-11a
Convert -201 (base 3) to base 2.
-10011
What is 66 (base 7) in base 8?
60
What is -2 (base 14) in base 10?
-2
What is 202 (base 3) in base 10?
20
-195 (base 13) to base 5
-2131
What is -5 (base 11) in base 10?
-5
Convert -4 (base 6) to base 12.
-4
What is -221 (base 3) in base 10?
-25
What is 20 (base 3) in base 6?
10
-4 (base 8) to base 9
-4
What is -6 (base 9) in base 2?
-110
What is 12 (base 3) in base 8?
5
220 (base 4) to base 5
130
What is 34 (base 10) in base 4?
202
101 (base 7) to base 10
50
1 (base 10) to base 11
1
3 (base 12) to base 11
3
-2 (base 9) to base 15
-2
Convert 1 (base 9) to base 11.
1
-13 (base 16) to base 13
-16
Convert -12 (base 11) to base 8.
-15
1022 (base 3) to base 10
35
What is 6 (base 8) in base 9?
6
What is -1240 (base 5) in base 14?
-dd
What is -51 (base 6) in base 3?
-1011
Convert 12 (base 13) to base 12.
13
-3 (base 6) to base 15
-3
Convert 1 (base 15) to base 6.
1
-30 (base 5) to base 11
-14
-4 (base 9) to base 14
-4
Convert 28 (base 10) to base 11.
26
-3 (base 6) to base 11
-3
What is -8 (base 9) in base 2?
-1000
What is 233 (base 5) in base 10?
68
2 (base 11) to base 13
2
Convert -333 (base 4) to base 9.
-70
What is 311 (base 4) in base 8?
65
What is -61 (base 9) in base 14?
-3d
Convert -6b (base 16) to base 13.
-83
What is -14 (base 6) in base 13?
-a
Convert -3 (base 9) to base 2.
-11
-2 (base 9) to base 2
-10
What is -1b4 (base 12) in base 16?
-118
12 (base 5) to base 14
7
2 (base 7) to base 16
2
What is -31 (base 9) in base 15?
-1d
Convert 1100 (base 2) to base 12.
10
15 (base 7) to base 15
c
Convert -11111 (base 3) to base 7.
-232
Convert -133 (base 4) to base 7.
-43
-3 (base 7) to base 4
-3
-64 (base 12) to base 3
-2211
-13 (base 4) to base 14
-7
Convert d5 (base 15) to base 13.
125
What is 4 (base 14) in base 2?
100
-13 (base 8) to base 15
-b
What is 4 (base 14) in base 8?
4
What is -3 (base 9) in base 4?
-3
What is 10 (base 5) in base 8?
5
Convert -101 (base 2) to base 13.
-5
What is 7 (base 10) in base 5?
12
1202 (base 5) to base 6
453
What is 2 (base 11) in base 15?
2
What is 1002 (base 3) in base 8?
35
-61 (base 11) to base 12
-57
Convert -18 (base 16) to base 8.
-30
-89 (base 12) to base 5
-410
What is 4 (base 9) in base 11?
4
Convert -4 (base 6) to base 3.
-11
-10100010 (base 2) to base 15
-ac
-4 (base 13) to base 6
-4
Convert 150 (base 8) to base 5.
404
Convert -10 (base 6) to base 2.
-110
Convert -1 (base 12) to base 2.
-1
Convert 4 (base 15) to base 2.
100
Convert 5 (base 9) to base 5.
10
Convert -10100101 (base 2) to base 3.
-20010
Convert -3 (base 15) to base 5.
-3
-23 (base 5) to base 7
-16
What is -32 (base 7) in base 11?
-21
What is -4a (base 13) in base 7?
-116
Convert -100 (base 2) to base 12.
-4
Convert 143 (base 8) to base 6.
243
Convert -232 (base 5) to base 8.
-103
Convert -40 (base 11) to base 9.
-48
1 (base 9) to base 16
1
-301 (base 6) to base 10
-109
0 (base 11) to base 16
0
What is 0 (base 3) in base 14?
0
Convert 19 (base 10) to base 8.
23
What is -3c (base 15) in base 6?
-133
3 (base 13) to base 7
3
What is -30 (base 7) in base 9?
-23
Convert -12 (base 13) to base 6.
-23
Convert -11002 (base 3) to base 2.
-1101110
What is -54 (base 12) in base 2?
-1000000
-10111 (base 2) to base 5
-43
-1 (base 15) to base 10
-1
What is 14 (base 10) in base 3?
112
Convert -242 (base 7) to base 6.
-332
Convert 5 (base 12) to base 2.
101
2 (base 11) to base 7
2
What is 71 (base 12) in base 8?
125
-7 (base 10) to base 2
-111
Convert 3 (base 12) to base 7.
3
Convert 7a (base 12) to base 8.
136
Convert 13 (base 11) to base 8.
16
What is -53 (base 15) in base 4?
-1032
What is -10100100 (base 2) in base 11?
-13a
What is 2 (base 12) in base 2?
10
Convert -26 (base 15) to base 13.
-2a
Convert b (base 12) to base 9.
12
-84 (base 13) to base 12
-90
What is 1104 (base 5) in base 13?
bb
What is 3 (base 4) in base 6?
3
Convert 121 (base 4) to base 6.
41
Convert a9 (base 14) to base 4.
2111
40 (base 7) to base 14
20
Convert -1c7 (base 13) to base 9.
-408
What is 3 (base 6) in base 10?
3
Convert -6 (base 8) to base 4.
-12
Convert -d5 (base 16) to base 5.
-1323
What is -18 (base 14) in base 9?
-24
-127 (base 8) to base 9
-106
What is -13 (base 4) in base 14?
-7
342 (base 11) to base 14
213
What is 0 (base 11) in base 16?
0
0 (base 3) to base 11
0
What is -17 (base 8) in base 12?
-13
b (base 12) to base 8
13
Convert 1020 (base 3) to base 13.
27
-3 (base 7) to base 4
-3
Convert -3 (base 12) to base 9.
-3
Convert -1 (base 2) to base 9.
-1
What is 1110 (base 2) in base 6?
22
What is -37 (base 8) in base 13?
-25
What is -3 (base 8) in base 2?
-11
-311 (base 4) to base 7
-104
Convert -2 (base 15) to base 8.
-2
What is 1 (base 3) in base 11?
1
What is 10 (base 8) in base 11?
8
What is a (base 15) in base 16?
a
-1 (base 15) to base 2
-1
Convert -3 (base 13) to base 10.
-3
What is 13 (base 5) in base 6?
12
What is -11 (base 13) in base 15?
-e
What is -9 (base 13) in base 7?
-12
-10 (base 2) to base 3
-2
What is 3 (base 8) in base 11?
3
Convert -4 (base 13) to base 5.
-4
3 (base 9) to base 3
10
Convert 27 (base 9) to base 11.
23
Convert 35 (base 12) to base 14.
2d
-22 (base 4) to base 8
-12
What is 432 (base 5) in base 9?
140
Convert -3 (base 6) to base 11.
-3
1 (base 9) to base 2
1
What is -10001001 (base 2) in base 16?
-89
11 (base 7) to base 16
8
What is 146 (base 16) in base 5?
2301
What is 1021 (base 3) in base 8?
42
Convert 13 (base 9) to base 4.
30
What is 12 (base 4) in base 14?
6
Convert 3 (base 11) to base 3.
10
Convert 6 (base 7) to base 11.
6
What is -14b (base 14) in base 10?
-263
What is 0 (base 9) in base 14?
0
What is 1111010 (base 2) in base 5?
442
What is -145 (base 8) in base 14?
-73
1 (base 2) to base 10
1
12 (base 4) to base 14
6
What is 1010 (base 2) in base 15?
a
4 (base 9) to base 16
4
What is 126 (base 8) in base 2?
1010110
Convert -a (base 13) to base 15.
-a
What is -a7 (base 13) in base 8?
-211
Convert 3 (base 16) to base 3.
10
12 (base 4) to base 13
6
What is -1 (base 8) in base 7?
-1
-8 (base 16) to base 2
-1000
What is -24 (base 5) in base 4?
-32
4 (base 14) to base 4
10
222 (base 3) to base 9
28
Convert 12 (base 12) to base 11.
13
109 (base 10) to base 13
85
Convert 320 (base 5) to base 8.
125
524 (base 7) to base 16
107
Convert 5 (base 10) to base 16.
5
What is 120 (base 3) in base 6?
23
What is 2 (base 4) in base 14?
2
Convert 4 (base 11) to base 14.
4
11 (base 5) to base 9
6
-29 (base 12) to base 14
-25
-5 (base 8) to base 13
-5
Convert 30 (base 5) to base 14.
11
Convert 2 (base 14) to base 12.
2
Convert -3 (base 10) to base 15.
-3
Convert -6c (base 15) to base 9.
-123
54 (base 11) to base 12
4b
Convert -2 (base 8) to base 13.
-2
24 (base 8) to base 5
40
-2 (base 12) to base 4
-2
What is -1 (base 5) in base 4?
-1
What is 7 (base 11) in base 6?
11
What is -2 (base 16) in base 8?
-2
0 (base 11) to base 3
0
Convert -21 (base 11) to base 15.
-18
What is 163 (base 10) in base 2?
10100011
33 (base 10) to base 12
29
What is -4b (base 15) in base 2?
-1000111
What is -351 (base 7) in base 8?
-267
What is 304 (base 5) in base 6?
211
What is 15 (base 9) in base 15?
e
What is 1 (base 10) in base 3?
1
-4 (base 15) to base 14
-4
What is -24 (base 15) in base 3?
-1021
What is -25 (base 6) in base 10?
-17
d6 (base 16) to base 15
e4
What is -9 (base 15) in base 5?
-14
Convert -6 (base 15) to base 2.
-110
What is -7 (base 9) in base 7?
-10
Convert -1 (base 15) to base 11.
-1
What is -202 (base 12) in base 10?
-290
-13 (base 11) to base 4
-32
Convert c3 (base 15) to base 10.
183
Convert -11011111 (base 2) to base 9.
-267
What is -1 (base 12) in base 13?
-1
Convert -1000 (base 2) to base 14.
-8
-110 (base 2) to base 5
-11
-62 (base 16) to base 4
-1202
-6 (base 9) to base 10
-6
What is 16 (base 16) in base 14?
18
What is 4 (base 7) in base 2?
100
Convert 41 (base 8) to base 5.
113
11011111 (base 2) to base 15
ed
What is 0 (base 7) in base 8?
0
Convert 2 (base 10) to base 2.
10
-10 (base 3) to base 2
-11
-13 (base 15) to base 12
-16
Convert 8d (base 15) to base 3.
11221
Convert 110